{"id":3588,"date":"2020-09-08T16:26:03","date_gmt":"2020-09-08T14:26:03","guid":{"rendered":"http:\/\/protectcover.be\/?page_id=3588"},"modified":"2022-09-05T13:21:27","modified_gmt":"2022-09-05T11:21:27","slug":"accent-stripping","status":"publish","type":"page","link":"https:\/\/protectcover.be\/index.php\/accent-stripping\/","title":{"rendered":"Accent &#038; stripping"},"content":{"rendered":"<p>[vc_row uniqid=&#8221;5f579fa43255c&#8221;][vc_column][vc_column_text uniqid=&#8221;5f579463a60d6&#8243;]Notre \u00e9quipe de designer est \u00e0 votre disposition pour dynamiser votre v\u00e9hicule tout en restant dans l&#8217;\u00e9l\u00e9gance et dans la sobri\u00e9t\u00e9.[\/vc_column_text]\t\t\t\t\t\t\t<div class=\"portfolio-block filter-block portfolio-5f57946a7189d popup-gallery gap-on portfolio-type-packery type1\">\n\t\t\t\t\t\n\t\t\t\t\t<div class=\"load-wrap row isotope\">\n\t\t\t\t\t\t<div class=\"grid-sizer col-1\"><\/div>\n\t\t\t\t\t\t\t\t<article class=\"portfolio-item category-6 category-30 popup-item col-12 col-sm-6 col-md-4 istp-item\">\n\t\t\t<div class=\"wrap\">\n\t\t\t\t\t\t\t\t\t<div class=\"img\">\n\t\t\t\t\t\t<div class=\"hover-plus\">\n\t\t\t\t\t\t\t \n\t\t\t\t\t\t<\/div>\n\t\t\t\t\t\t<div class=\"img-b\" style=\"background-image: url(https:\/\/protectcover.be\/wp-content\/uploads\/2022\/09\/WhatsApp-Image-2022-08-26-at-16.58.34-1-1024x1024.jpeg)\"><\/div>\n\t\t\t\t\t\t<a href=\"https:\/\/protectcover.be\/wp-content\/uploads\/2022\/09\/WhatsApp-Image-2022-08-26-at-16.58.34-1.jpeg\" class=\"link\" data-size=\"1920x1920\" data-magic-cursor=\"link-w-text\" data-magic-cursor-text=\"Voir\" data-id=\"1\"><\/a>\t\t\t\t\t<\/div>\n\t\t\t\t\t\t\t\t<div class=\"content\">\n\t\t\t\t\t<h6 class=\"title\">Ford Capri<\/h6>\n\t\t\t\t\t\t\t\t\t\t\t<a href=\"https:\/\/protectcover.be\/index.php\/project\/ford-capri\/\" class=\"button-style2 permalink extra-small\">\n\t\t\t\t\t\t\t<span>Voir le projet<\/span>\n\t\t\t\t\t\t<\/a>\n\t\t\t\t\t\t\t\t\t<\/div>\n\t\t\t<\/div>\n\t\t<\/article>\n\t\t\t\t<article class=\"portfolio-item category-6 popup-item col-12 col-sm-6 col-md-4 istp-item\">\n\t\t\t<div class=\"wrap\">\n\t\t\t\t\t\t\t\t\t<div class=\"img\">\n\t\t\t\t\t\t<div class=\"hover-plus\">\n\t\t\t\t\t\t\t \n\t\t\t\t\t\t<\/div>\n\t\t\t\t\t\t<div class=\"img-b\" style=\"background-image: url(https:\/\/protectcover.be\/wp-content\/uploads\/2022\/09\/WhatsApp-Image-2022-08-17-at-09.21.24-1024x1024.jpeg)\"><\/div>\n\t\t\t\t\t\t<a href=\"https:\/\/protectcover.be\/wp-content\/uploads\/2022\/09\/WhatsApp-Image-2022-08-17-at-09.21.24.jpeg\" class=\"link\" data-size=\"2048x2048\" data-magic-cursor=\"link-w-text\" data-magic-cursor-text=\"Voir\" data-id=\"2\"><\/a>\t\t\t\t\t<\/div>\n\t\t\t\t\t\t\t\t<div class=\"content\">\n\t\t\t\t\t<h6 class=\"title\">D\u00e9chromage GLE<\/h6>\n\t\t\t\t\t\t\t\t\t\t\t<a href=\"https:\/\/protectcover.be\/index.php\/project\/dechromage-gle\/\" class=\"button-style2 permalink extra-small\">\n\t\t\t\t\t\t\t<span>Voir le projet<\/span>\n\t\t\t\t\t\t<\/a>\n\t\t\t\t\t\t\t\t\t<\/div>\n\t\t\t<\/div>\n\t\t<\/article>\n\t\t\t\t<article class=\"portfolio-item category-6 category-32 popup-item col-12 col-sm-6 col-md-4 istp-item\">\n\t\t\t<div class=\"wrap\">\n\t\t\t\t\t\t\t\t\t<div class=\"img\">\n\t\t\t\t\t\t<div class=\"hover-plus\">\n\t\t\t\t\t\t\t \n\t\t\t\t\t\t<\/div>\n\t\t\t\t\t\t<div class=\"img-b\" style=\"background-image: url(https:\/\/protectcover.be\/wp-content\/uploads\/2022\/06\/IMG_7114-1024x1024.jpeg)\"><\/div>\n\t\t\t\t\t\t<a href=\"https:\/\/protectcover.be\/wp-content\/uploads\/2022\/06\/IMG_7114-scaled.jpeg\" class=\"link\" data-size=\"2560x2560\" data-magic-cursor=\"link-w-text\" data-magic-cursor-text=\"Voir\" data-id=\"3\"><\/a>\t\t\t\t\t<\/div>\n\t\t\t\t\t\t\t\t<div class=\"content\">\n\t\t\t\t\t<h6 class=\"title\">Alpine A110 Premi\u00e8re \u00c9dition<\/h6>\n\t\t\t\t\t\t\t\t\t\t\t<a href=\"https:\/\/protectcover.be\/index.php\/project\/alpine-a110-premiere-edition\/\" class=\"button-style2 permalink extra-small\">\n\t\t\t\t\t\t\t<span>Voir le projet<\/span>\n\t\t\t\t\t\t<\/a>\n\t\t\t\t\t\t\t\t\t<\/div>\n\t\t\t<\/div>\n\t\t<\/article>\n\t\t\t\t<article class=\"portfolio-item category-6 category-4 category-18 popup-item col-12 col-sm-6 col-md-4 istp-item\">\n\t\t\t<div class=\"wrap\">\n\t\t\t\t\t\t\t\t\t<div class=\"img\">\n\t\t\t\t\t\t<div class=\"hover-plus\">\n\t\t\t\t\t\t\t \n\t\t\t\t\t\t<\/div>\n\t\t\t\t\t\t<div class=\"img-b\" style=\"background-image: url(https:\/\/protectcover.be\/wp-content\/uploads\/2021\/01\/Porsche-reparation-1024x626.jpg)\"><\/div>\n\t\t\t\t\t\t<a href=\"https:\/\/protectcover.be\/wp-content\/uploads\/2021\/01\/Porsche-reparation.jpg\" class=\"link\" data-size=\"1636x1000\" data-magic-cursor=\"link-w-text\" data-magic-cursor-text=\"Voir\" data-id=\"4\"><\/a>\t\t\t\t\t<\/div>\n\t\t\t\t\t\t\t\t<div class=\"content\">\n\t\t\t\t\t<h6 class=\"title\">Porsche<\/h6>\n\t\t\t\t\t\t\t\t\t\t\t<a href=\"https:\/\/protectcover.be\/index.php\/project\/porsche-2\/\" class=\"button-style2 permalink extra-small\">\n\t\t\t\t\t\t\t<span>Voir le projet<\/span>\n\t\t\t\t\t\t<\/a>\n\t\t\t\t\t\t\t\t\t<\/div>\n\t\t\t<\/div>\n\t\t<\/article>\n\t\t\t\t<article class=\"portfolio-item category-6 category-18 popup-item col-12 col-sm-6 col-md-4 istp-item\">\n\t\t\t<div class=\"wrap\">\n\t\t\t\t\t\t\t\t\t<div class=\"img\">\n\t\t\t\t\t\t<div class=\"hover-plus\">\n\t\t\t\t\t\t\t \n\t\t\t\t\t\t<\/div>\n\t\t\t\t\t\t<div class=\"img-b\" style=\"background-image: url(https:\/\/protectcover.be\/wp-content\/uploads\/2020\/12\/GT3-stripping-1024x626.jpg)\"><\/div>\n\t\t\t\t\t\t<a href=\"https:\/\/protectcover.be\/wp-content\/uploads\/2020\/12\/GT3-stripping.jpg\" class=\"link\" data-size=\"1636x1000\" data-magic-cursor=\"link-w-text\" data-magic-cursor-text=\"Voir\" data-id=\"5\"><\/a>\t\t\t\t\t<\/div>\n\t\t\t\t\t\t\t\t<div class=\"content\">\n\t\t\t\t\t<h6 class=\"title\">Porsche GT3<\/h6>\n\t\t\t\t\t\t\t\t\t\t\t<a href=\"https:\/\/protectcover.be\/index.php\/project\/porsche-gt3\/\" class=\"button-style2 permalink extra-small\">\n\t\t\t\t\t\t\t<span>Voir le projet<\/span>\n\t\t\t\t\t\t<\/a>\n\t\t\t\t\t\t\t\t\t<\/div>\n\t\t\t<\/div>\n\t\t<\/article>\n\t\t\t\t<article class=\"portfolio-item category-6 category-30 popup-item col-12 col-sm-6 col-md-4 istp-item\">\n\t\t\t<div class=\"wrap\">\n\t\t\t\t\t\t\t\t\t<div class=\"img\">\n\t\t\t\t\t\t<div class=\"hover-plus\">\n\t\t\t\t\t\t\t \n\t\t\t\t\t\t<\/div>\n\t\t\t\t\t\t<div class=\"img-b\" style=\"background-image: url(https:\/\/protectcover.be\/wp-content\/uploads\/2020\/10\/mustang-stripping2-1024x498.jpg)\"><\/div>\n\t\t\t\t\t\t<a href=\"https:\/\/protectcover.be\/wp-content\/uploads\/2020\/10\/mustang-stripping2.jpg\" class=\"link\" data-size=\"2016x980\" data-magic-cursor=\"link-w-text\" data-magic-cursor-text=\"Voir\" data-id=\"6\"><\/a>\t\t\t\t\t<\/div>\n\t\t\t\t\t\t\t\t<div class=\"content\">\n\t\t\t\t\t<h6 class=\"title\">Ford Mustang<\/h6>\n\t\t\t\t\t\t\t\t\t\t\t<a href=\"https:\/\/protectcover.be\/index.php\/project\/ford-mustang-2\/\" class=\"button-style2 permalink extra-small\">\n\t\t\t\t\t\t\t<span>Voir le projet<\/span>\n\t\t\t\t\t\t<\/a>\n\t\t\t\t\t\t\t\t\t<\/div>\n\t\t\t<\/div>\n\t\t<\/article>\n\t\t\t\t<article class=\"portfolio-item category-6 category-4 category-19 popup-item col-12 col-sm-6 col-md-4 istp-item\">\n\t\t\t<div class=\"wrap\">\n\t\t\t\t\t\t\t\t\t<div class=\"img\">\n\t\t\t\t\t\t<div class=\"hover-plus\">\n\t\t\t\t\t\t\t \n\t\t\t\t\t\t<\/div>\n\t\t\t\t\t\t<div class=\"img-b\" style=\"background-image: url(https:\/\/protectcover.be\/wp-content\/uploads\/2020\/09\/tesla2-1024x498.jpg)\"><\/div>\n\t\t\t\t\t\t<a href=\"https:\/\/protectcover.be\/wp-content\/uploads\/2020\/09\/tesla2.jpg\" class=\"link\" data-size=\"2016x980\" data-magic-cursor=\"link-w-text\" data-magic-cursor-text=\"Voir\" data-id=\"7\"><\/a>\t\t\t\t\t<\/div>\n\t\t\t\t\t\t\t\t<div class=\"content\">\n\t\t\t\t\t<h6 class=\"title\">Tesla<\/h6>\n\t\t\t\t\t\t\t\t\t\t\t<a href=\"https:\/\/protectcover.be\/index.php\/project\/tesla-3\/\" class=\"button-style2 permalink extra-small\">\n\t\t\t\t\t\t\t<span>Voir le projet<\/span>\n\t\t\t\t\t\t<\/a>\n\t\t\t\t\t\t\t\t\t<\/div>\n\t\t\t<\/div>\n\t\t<\/article>\n\t\t\t\t<article class=\"portfolio-item category-6 category-3 category-14 popup-item col-12 col-sm-6 col-md-4 istp-item\">\n\t\t\t<div class=\"wrap\">\n\t\t\t\t\t\t\t\t\t<div class=\"img\">\n\t\t\t\t\t\t<div class=\"hover-plus\">\n\t\t\t\t\t\t\t \n\t\t\t\t\t\t<\/div>\n\t\t\t\t\t\t<div class=\"img-b\" style=\"background-image: url(https:\/\/protectcover.be\/wp-content\/uploads\/2020\/09\/dodge-hori9-1024x656.jpg)\"><\/div>\n\t\t\t\t\t\t<a href=\"https:\/\/protectcover.be\/wp-content\/uploads\/2020\/09\/dodge-hori9.jpg\" class=\"link\" data-size=\"2000x1282\" data-magic-cursor=\"link-w-text\" data-magic-cursor-text=\"Voir\" data-id=\"8\"><\/a>\t\t\t\t\t<\/div>\n\t\t\t\t\t\t\t\t<div class=\"content\">\n\t\t\t\t\t<h6 class=\"title\">Dodge Ram<\/h6>\n\t\t\t\t\t\t\t\t\t\t\t<a href=\"https:\/\/protectcover.be\/index.php\/project\/dodge-ram\/\" class=\"button-style2 permalink extra-small\">\n\t\t\t\t\t\t\t<span>Voir le projet<\/span>\n\t\t\t\t\t\t<\/a>\n\t\t\t\t\t\t\t\t\t<\/div>\n\t\t\t<\/div>\n\t\t<\/article>\n\t\t\t\t<article class=\"portfolio-item category-6 category-32 popup-item col-12 col-sm-6 col-md-4 istp-item\">\n\t\t\t<div class=\"wrap\">\n\t\t\t\t\t\t\t\t\t<div class=\"img\">\n\t\t\t\t\t\t<div class=\"hover-plus\">\n\t\t\t\t\t\t\t \n\t\t\t\t\t\t<\/div>\n\t\t\t\t\t\t<div class=\"img-b\" style=\"background-image: url(https:\/\/protectcover.be\/wp-content\/uploads\/2020\/09\/alpine-3-1024x498.jpg)\"><\/div>\n\t\t\t\t\t\t<a href=\"https:\/\/protectcover.be\/wp-content\/uploads\/2020\/09\/alpine-3.jpg\" class=\"link\" data-size=\"2016x980\" data-magic-cursor=\"link-w-text\" data-magic-cursor-text=\"Voir\" data-id=\"9\"><\/a>\t\t\t\t\t<\/div>\n\t\t\t\t\t\t\t\t<div class=\"content\">\n\t\t\t\t\t<h6 class=\"title\">Alpine<\/h6>\n\t\t\t\t\t\t\t\t\t\t\t<a href=\"https:\/\/protectcover.be\/index.php\/project\/alpine\/\" class=\"button-style2 permalink extra-small\">\n\t\t\t\t\t\t\t<span>Voir le projet<\/span>\n\t\t\t\t\t\t<\/a>\n\t\t\t\t\t\t\t\t\t<\/div>\n\t\t\t<\/div>\n\t\t<\/article>\n\t\t\t\t\t\t\t<\/div>\n\n\t\t\t\t\t\t\t\t\t\t\t<div class=\"loadmore-button-block tac\">\n\t\t\t\t\t\t\t\t\t\t\t\t\t\t<a class=\"loadmore-button button-style1 accent\" data-type=\"packery\" data-action=\"portfolio\" data-array=\"[{&quot;id&quot;:3994,&quot;cat&quot;:[6,10,3]},{&quot;id&quot;:3969,&quot;cat&quot;:[6,4,18]},{&quot;id&quot;:3956,&quot;cat&quot;:[6,17]},{&quot;id&quot;:3922,&quot;cat&quot;:[6,25]},{&quot;id&quot;:3915,&quot;cat&quot;:[6,7]},{&quot;id&quot;:3904,&quot;cat&quot;:[6,18]},{&quot;id&quot;:3896,&quot;cat&quot;:[6,22]},{&quot;id&quot;:3891,&quot;cat&quot;:[6,17]},{&quot;id&quot;:3884,&quot;cat&quot;:[6,24]},{&quot;id&quot;:3827,&quot;cat&quot;:[6,11]},{&quot;id&quot;:3777,&quot;cat&quot;:[27,6]},{&quot;id&quot;:3771,&quot;cat&quot;:[6,18]},{&quot;id&quot;:3765,&quot;cat&quot;:[6,9]},{&quot;id&quot;:3749,&quot;cat&quot;:[6,12]},{&quot;id&quot;:3735,&quot;cat&quot;:[6,17]},{&quot;id&quot;:3729,&quot;cat&quot;:[6,12]}] \" data-count=\"9\" data-atts=\"{&quot;uniqid&quot;:&quot;5f57946a7189d&quot;,&quot;count_items&quot;:&quot;9&quot;,&quot;type&quot;:&quot;packery&quot;,&quot;style&quot;:&quot;style1&quot;,&quot;packery_style&quot;:&quot;type1&quot;,&quot;cols&quot;:&quot;xs:1,sm:2,md:3,&quot;,&quot;gap&quot;:&quot;on&quot;,&quot;filter_buttons&quot;:&quot;on&quot;,&quot;filter_buttons_style&quot;:&quot;style1&quot;,&quot;filter_buttons_align&quot;:&quot;tal&quot;,&quot;navigation&quot;:&quot;load_more&quot;,&quot;navigation_button_style&quot;:&quot;style2&quot;,&quot;popup_mode&quot;:&quot;on&quot;,&quot;thumb_size&quot;:&quot;large&quot;,&quot;hover&quot;:&quot;default&quot;,&quot;show_view_project&quot;:&quot;on&quot;,&quot;css_animation&quot;:&quot;&quot;,&quot;slider_loop&quot;:&quot;on&quot;,&quot;slider_autoplay&quot;:&quot;on&quot;,&quot;slider_autoplay_timeout&quot;:&quot;5000&quot;,&quot;slider_arrows&quot;:&quot;on&quot;,&quot;navigation_arrows_color&quot;:&quot;&quot;,&quot;navigation_arrows_color_hover&quot;:&quot;&quot;,&quot;slider_counter&quot;:&quot;on&quot;,&quot;orderby&quot;:&quot;date&quot;,&quot;order&quot;:&quot;DESC&quot;,&quot;source&quot;:&quot;categories&quot;,&quot;items&quot;:&quot;&quot;,&quot;categories&quot;:&quot;6&quot;,&quot;css&quot;:&quot;&quot;}\" data-magic-cursor=\"link\">\n\t\t\t\t\t\t\t\t<span>Charger plus<\/span>\n\t\t\t\t\t\t\t\t<span class=\"load-dots\">\n\t\t\t\t\t\t\t\t\t<em><\/em>\n\t\t\t\t\t\t\t\t<\/span>\n\t\t\t\t\t\t\t<\/a>\n\t\t\t\t\t\t<\/div>\n\t\t\t\t\t\t\t\t\t<\/div>\n\t\t\t[\/vc_column][\/vc_row]<\/p>\n","protected":false},"excerpt":{"rendered":"<p>[vc_row uniqid=&#8221;5f579fa43255c&#8221;][vc_column][vc_column_text uniqid=&#8221;5f579463a60d6&#8243;]Notre \u00e9quipe de designer est \u00e0 votre disposition pour dynamiser votre v\u00e9hicule tout en restant dans l&#8217;\u00e9l\u00e9gance et dans la sobri\u00e9t\u00e9.[\/vc_column_text][\/vc_column][\/vc_row]<\/p>\n","protected":false},"author":1,"featured_media":0,"parent":0,"menu_order":0,"comment_status":"closed","ping_status":"closed","template":"","meta":[],"acf":[],"_links":{"self":[{"href":"https:\/\/protectcover.be\/index.php\/wp-json\/wp\/v2\/pages\/3588"}],"collection":[{"href":"https:\/\/protectcover.be\/index.php\/wp-json\/wp\/v2\/pages"}],"about":[{"href":"https:\/\/protectcover.be\/index.php\/wp-json\/wp\/v2\/types\/page"}],"author":[{"embeddable":true,"href":"https:\/\/protectcover.be\/index.php\/wp-json\/wp\/v2\/users\/1"}],"replies":[{"embeddable":true,"href":"https:\/\/protectcover.be\/index.php\/wp-json\/wp\/v2\/comments?post=3588"}],"version-history":[{"count":7,"href":"https:\/\/protectcover.be\/index.php\/wp-json\/wp\/v2\/pages\/3588\/revisions"}],"predecessor-version":[{"id":4398,"href":"https:\/\/protectcover.be\/index.php\/wp-json\/wp\/v2\/pages\/3588\/revisions\/4398"}],"wp:attachment":[{"href":"https:\/\/protectcover.be\/index.php\/wp-json\/wp\/v2\/media?parent=3588"}],"curies":[{"name":"wp","href":"https:\/\/api.w.org\/{rel}","templated":true}]}}